{"id":11545,"date":"2021-03-28T20:02:52","date_gmt":"2021-03-28T18:02:52","guid":{"rendered":"https:\/\/www.tamaramelissa.cz\/ritualy\/poceti-porod-sveho-ditete-it\/"},"modified":"2021-03-28T20:02:52","modified_gmt":"2021-03-28T18:02:52","slug":"poceti-porod-sveho-ditete-it","status":"publish","type":"ritual","link":"https:\/\/www.tamaramelissa.cz\/it\/riti\/poceti-porod-sveho-ditete-it\/","title":{"rendered":"Po\u010det\u00ed + porod sv\u00e9ho d\u00edt\u011bte IT"},"content":{"rendered":"<p><em>\u201eNe\u010dti knihy, \u010dti sv\u00e9 miminko!\u201c (africk\u00e1 babi\u010dka)<\/em><\/p><p><em>\u201eTak, jak se k d\u00edt\u011bti chov\u00e1me, kdy\u017e je v d\u011bloze, tak se ono bude chovat ke sv\u011btu.\u201c (Peter Fedor Freybergh)<\/em><\/p><p>P\u0159eje\u0161 si (mo\u017en\u00e1 u\u017e dlouho) miminko?<br\/>Nebo u\u017e jsi rodila a ve Tv\u00e9m t\u011ble &#8211; srdci &#8211; du\u0161i se skr\u00fdv\u00e1\u00a0jedna kapka nebo cel\u00fd oce\u00e1n bolesti?<br\/><br\/>V prvn\u00edm p\u0159\u00edpad\u011b Ti ritu\u00e1l p\u0159inese hlubok\u00e9 pozn\u00e1n\u00ed o souvislostech \u017eivota p\u0159ed porodem a po n\u011bm, o z\u00e1zraku zrozen\u00ed&#8230;<br\/>V druh\u00e9m medic\u00ednu pro Tv\u00e9 zran\u011bn\u00ed&#8230;<br\/><br\/>A nebo se boj\u00ed\u0161 m\u00edt d\u011bti? A nebo je to t\u00e9ma, kter\u00e9 se t\u011b je\u0161t\u011b net\u00fdk\u00e1? T\u00e9ma porodu se dot\u00fdk\u00e1 n\u00e1s v\u0161ech, nebo\u0165 v\u0161ichni jsme vze\u0161li z l\u016fna matky&#8230; Av\u0161ak v\u011bt\u0161ina informac\u00ed a obraz\u016f spole\u010dnosti je velmi zav\u00e1d\u011bj\u00edc\u00edch&#8230; Poj\u010fme se na zrozen\u00ed pod\u00edvat nov\u00fdma o\u010dima!<br\/><br\/>Co v\u0161e ovliv\u0148uje po\u010det\u00ed? Jak\u00e9 \u017eivotn\u00ed u\u010den\u00ed p\u0159in\u00e1\u0161\u00ed t\u011bhotenstv\u00ed \u017een\u011b? Jak se nejl\u00e9pe p\u0159ipravit na porod d\u00edt\u011bte? Jak uzdravit sv\u00e9 t\u011blo i du\u0161i, kdy\u017e porod neprob\u011bhl dle m\u00fdch p\u0159edstav?<br\/><br\/>Dovol\u00edme si pustit se po proudu \u0159eky \u017eivota, kter\u00e1 v n\u00e1s tan\u010d\u00ed, budeme naslouchat jej\u00edmu poselstv\u00ed o jednom z nejv\u011bt\u0161\u00edch z\u00e1zrak\u016f a s vd\u011b\u010dnost\u00ed polykat pr\u016fzra\u010dn\u00e9 kapky jej\u00ed moudr\u00e9 medic\u00edny&#8230;<\/p><p><strong>Nejbli\u017e\u0161\u00ed term\u00edn a v\u00edce info:<\/strong><strong>\u00a0\u00a0<a href=\"http:\/\/www.tamaramelissa.cz\/detailakce\/529-poceti-a-porod.html\" target=\"_blank\" rel=\"noreferrer noopener\">1. &#8211; 3. \u0159\u00edjna 2021<\/a><\/strong><\/p><h3 class=\"wp-block-heading\">Ve\u0161ker\u00e9 dotazy v\u00e1m r\u00e1da zodpov\u00ed asistentka\u00a0Zuzka<\/h3><p>e-mail:\u00a0<a href=\"mailto:zuzka@tamaramelissa.cz,\">zuzka@tamaramelissa.cz,<\/a>\u00a0tel. 775 987 967<\/p>","protected":false},"template":"","class_list":["post-11545","ritual","type-ritual","status-publish","hentry"],"aioseo_notices":[],"_links":{"self":[{"href":"https:\/\/www.tamaramelissa.cz\/it\/wp-json\/wp\/v2\/ritual\/11545","targetHints":{"allow":["GET"]}}],"collection":[{"href":"https:\/\/www.tamaramelissa.cz\/it\/wp-json\/wp\/v2\/ritual"}],"about":[{"href":"https:\/\/www.tamaramelissa.cz\/it\/wp-json\/wp\/v2\/types\/ritual"}],"wp:attachment":[{"href":"https:\/\/www.tamaramelissa.cz\/it\/wp-json\/wp\/v2\/media?parent=11545"}],"curies":[{"name":"wp","href":"https:\/\/api.w.org\/{rel}","templated":true}]}}

Početí + porod svého dítěte IT

<p><em>„Nečti knihy, čti své miminko!“ (africká babička)</em></p><p><em>„Tak, jak se k dítěti chováme, když je v děloze, tak se ono bude chovat ke světu.“ (Peter Fedor Freybergh)</em></p><p>Přeješ si (možná už dlouho) miminko?<br/>Nebo už jsi rodila a ve Tvém těle &#8211; srdci &#8211; duši se skrývá jedna kapka nebo celý oceán bolesti?<br/><br/>V prvním případě Ti rituál přinese hluboké poznání o souvislostech života před porodem a po něm, o zázraku zrození&#8230;<br/>V druhém medicínu pro Tvé zranění&#8230;<br/><br/>A nebo se bojíš mít děti? A nebo je to téma, které se tě ještě netýká? Téma porodu se dotýká nás všech, neboť všichni jsme vzešli z lůna matky&#8230; Avšak většina informací a obrazů společnosti je velmi zavádějících&#8230; Pojďme se na zrození podívat novýma očima!<br/><br/>Co vše ovlivňuje početí? Jaké životní učení přináší těhotenství ženě? Jak se nejlépe připravit na porod dítěte? Jak uzdravit své tělo i duši, když porod neproběhl dle mých představ?<br/><br/>Dovolíme si pustit se po proudu řeky života, která v nás tančí, budeme naslouchat jejímu poselství o jednom z největších zázraků a s vděčností polykat průzračné kapky její moudré medicíny&#8230;</p><p><strong>Nejbližší termín a více info:</strong><strong>  <a href="http://www.tamaramelissa.cz/detailakce/529-poceti-a-porod.html" target="_blank" rel="noreferrer noopener">1. &#8211; 3. října 2021</a></strong></p><h3 class="wp-block-heading">Veškeré dotazy vám ráda zodpoví asistentka Zuzka</h3><p>e-mail: <a href="mailto:zuzka@tamaramelissa.cz,">zuzka@tamaramelissa.cz,</a> tel. 775 987 967</p>
