{"id":11555,"date":"2021-03-28T20:22:26","date_gmt":"2021-03-28T18:22:26","guid":{"rendered":"https:\/\/www.tamaramelissa.cz\/akce\/vnitrni-muz-a-leceni-vztahu-s-otcem\/"},"modified":"2021-03-28T20:22:26","modified_gmt":"2021-03-28T18:22:26","slug":"vnitrni-muz-a-leceni-vztahu-s-otcem","status":"publish","type":"akce","link":"https:\/\/www.tamaramelissa.cz\/it\/evento-calendario\/vnitrni-muz-a-leceni-vztahu-s-otcem\/","title":{"rendered":"Vnit\u0159n\u00ed mu\u017e a l\u00e9\u010den\u00ed vztahu s otcem"},"content":{"rendered":"<p><strong>Vzhledem k velk\u00e9mu z\u00e1jmu o toto t\u00e9ma otev\u00edr\u00e1me tento dal\u0161\u00ed term\u00edn.<\/strong><\/p><p><strong>Mil\u00e9 \u017eeny, vzhledem k aktu\u00e1ln\u00ed situaci byl \u00fanorov\u00fd term\u00edn p\u0159esunut na stejn\u00e9, ale b\u0159eznov\u00e9 datum. Setk\u00e1me se tedy 12. &#8211; 14. b\u0159ezna.\u00a0<\/strong><\/p><figure class=\"wp-block-image alignwide size-large\"><img fetchpriority=\"high\" decoding=\"async\" width=\"721\" height=\"1024\" src=\"https:\/\/www.tamaramelissa.cz\/wp-content\/uploads\/2021\/02\/Webp.net-compress-image-8-721x1024.jpg\" alt=\"\" class=\"wp-image-10522\" srcset=\"https:\/\/www.tamaramelissa.cz\/wp-content\/uploads\/2021\/02\/Webp.net-compress-image-8-721x1024.jpg 721w, https:\/\/www.tamaramelissa.cz\/wp-content\/uploads\/2021\/02\/Webp.net-compress-image-8-211x300.jpg 211w, https:\/\/www.tamaramelissa.cz\/wp-content\/uploads\/2021\/02\/Webp.net-compress-image-8-768x1090.jpg 768w, https:\/\/www.tamaramelissa.cz\/wp-content\/uploads\/2021\/02\/Webp.net-compress-image-8-1082x1536.jpg 1082w, https:\/\/www.tamaramelissa.cz\/wp-content\/uploads\/2021\/02\/Webp.net-compress-image-8-600x852.jpg 600w, https:\/\/www.tamaramelissa.cz\/wp-content\/uploads\/2021\/02\/Webp.net-compress-image-8.jpg 1400w\" sizes=\"(max-width: 721px) 100vw, 721px\" \/><\/figure><p>Tv\u016fj t\u00e1ta\u2026 prvn\u00ed mu\u017e Tv\u00e9ho \u017eivota\u2026 jak\u00fd byl a jak\u00fd je? M\u011bla jsi z n\u011bj strach a nebo Ti byl k sm\u00edchu? A nebo se to st\u0159\u00eddalo? Co Ti dal do \u017eivota? Jsi st\u00e1le tat\u00ednkova hol\u010di\u010dka? Tou\u017e\u00ed\u0161 po jeho ocen\u011bn\u00ed nebo s n\u00edm bojuje\u0161? D\u011bl\u00e1\u0161 v\u0161e pro to, aby T\u011b kone\u010dn\u011b uvid\u011bl a nebo jsi to u\u017e vzdala?<\/p><p>P\u0159ijala jsi za sv\u00e9 jeho hodnoty a nev\u011bdom\u011b tak p\u0159\u00edli\u0161 aktivovala sv\u00e9 mu\u017esk\u00e9 kvality na \u00fakor sv\u00fdch \u017eensk\u00fdch? St\u00e1le se Ti opakuj\u00ed ve Tv\u00fdch vztaz\u00edch s mu\u017ei podobn\u00e9 situace? Hled\u00e1\u0161 to, co jsi od n\u011bj nedostala, u jin\u00fdch mu\u017e\u016f? Pad\u00e1\u0161 do z\u00e1vislosti? Jsi p\u0159esv\u011bd\u010dena o tom, \u017ee b\u00fdt mu\u017eem je lep\u0161\u00ed ne\u017e b\u00fdt \u017eenou? A nebo naopak? To v\u0161e nese na sv\u00fdch bedrech Tv\u016fj vnit\u0159n\u00ed mu\u017e\u2026 Na tyto a mnoho dal\u0161\u00edch ot\u00e1zek, jejich\u017e ko\u0159en je zapu\u0161t\u011bn pr\u00e1v\u011b ve vztahu s otcem budeme spole\u010dn\u011b, v bezpe\u010d\u00ed \u017eensk\u00e9ho kruhu hledat odpov\u011b\u010f. Povedu T\u011b do Tv\u00e9ho t\u011bla, ve kter\u00e9m je na bun\u011b\u010dn\u00e9 \u00farovni zapsan\u00e1 ka\u017ed\u00e1 vte\u0159ina Tv\u00e9ho \u017eivota a i otisky Tv\u00fdch p\u0159edk\u016f\u2026 budeme vyn\u00e1\u0161et na sv\u011btlo zran\u011bn\u00ed a programy z hlubin na\u0161eho d\u011btstv\u00ed\u2026 otev\u0159eme na\u0161e srdce a prom\u011bn\u00edme v\u0161e, co je p\u0159ipraveno na zm\u011bnu\u2026 projdeme hlubok\u00fdm procesem l\u00e9\u010den\u00ed a odpu\u0161t\u011bn\u00ed a vyno\u0159\u00edme se \u010dist\u00e9, osvobozen\u00e9 a o\u017eiven\u00e9, abychom mohly u\u010dinit sv\u00e9 prvn\u00ed tane\u010dn\u00ed kroky na nov\u00e9m parketu jm\u00e9nem &#8216;M\u016fj \u017divot&#8217; (ne Jeho \u017divot)\u2026<\/p><h3 class=\"wp-block-heading\">Cena ritu\u00e1lu:\u00a0<\/h3><p><strong>4 450 K\u010d\u00a0+<\/strong>\u00a0ubytov\u00e1n\u00ed a pln\u00e1 vegetari\u00e1nsk\u00e1 penze<strong>\u00a01 400 K\u010d\u00a0<\/strong><\/p><h3 class=\"wp-block-heading\">\u010cas a m\u00edsto:\u00a0\u00a0<\/h3><p>Ritu\u00e1ly za\u010d\u00ednaj\u00ed v\u017edy v p\u00e1tek ve\u010de\u0159\u00ed v 18 h a kon\u010d\u00ed v ned\u011bli mezi 15 &#8211; 17 h.<\/p><p>Konaj\u00ed se v Medita\u010dn\u00edm centru\u00a0<a href=\"http:\/\/www.ukamenneryby.cz\/stone_fish\/U_KAMENNE_RYBY.html\" target=\"_blank\" rel=\"noreferrer noopener\">U Kamenn\u00e9 ryby<\/a>, Chrustenice u Berouna (kousek od Prahy)<\/p><p>Ubytov\u00e1n\u00ed \u00a0v apartm\u00e1nech po n\u011bkolika l\u016f\u017ek\u00e1ch s koupelnami v pat\u0159e Centra, p\u0159\u00edpadn\u011b vedle semin\u00e1rn\u00ed m\u00edstnosti nebo ve srubu.<\/p><p>Vynikaj\u00edc\u00ed vegetari\u00e1nsk\u00e1 strava z rukou pan\u00ed domu Karoliny. I ti, kdo d\u00e1vaj\u00ed p\u0159ednost masu, se oblizuj\u00ed!<\/p><p><strong>P\u0159ihlaste se\u00a0<a rel=\"noreferrer noopener\" href=\"https:\/\/forms.gle\/Ks3U7TKSaQKN3wi56\" target=\"_blank\">online<\/a>. Dotazy<\/strong>\u00a0v\u00e1m r\u00e1da\u00a0zodpov\u00ed asistentka<strong>\u00a0Zuzka Pelcov\u00e1,<\/strong>\u00a0kterou m\u016f\u017eete kontaktovat ve v\u0161edn\u00ed dny 9 &#8211; 17.30 h:<strong>e-mail:\u00a0zuzka@tamaramelissa.cz,\u00a0tel.: 775 987 967.\u00a0<\/strong><\/p><p>Po registraci V\u00e1m do t\u00fddne po\u0161leme podklady k platb\u011b. Teprve po Va\u0161\u00ed \u00fahrad\u011b je m\u00edsto na v\u00edkendu je rezervovan\u00e9.<\/p>","protected":false},"parent":0,"template":"","rok-konani-ritualu":[],"kategorie-ritualu":[234],"class_list":["post-11555","akce","type-akce","status-publish","hentry","kategorie-ritualu-eventi-del-fine-settimana"],"aioseo_notices":[],"_links":{"self":[{"href":"https:\/\/www.tamaramelissa.cz\/it\/wp-json\/wp\/v2\/akce\/11555","targetHints":{"allow":["GET"]}}],"collection":[{"href":"https:\/\/www.tamaramelissa.cz\/it\/wp-json\/wp\/v2\/akce"}],"about":[{"href":"https:\/\/www.tamaramelissa.cz\/it\/wp-json\/wp\/v2\/types\/akce"}],"wp:attachment":[{"href":"https:\/\/www.tamaramelissa.cz\/it\/wp-json\/wp\/v2\/media?parent=11555"}],"wp:term":[{"taxonomy":"rok-konani-ritualu","embeddable":true,"href":"https:\/\/www.tamaramelissa.cz\/it\/wp-json\/wp\/v2\/rok-konani-ritualu?post=11555"},{"taxonomy":"kategorie-ritualu","embeddable":true,"href":"https:\/\/www.tamaramelissa.cz\/it\/wp-json\/wp\/v2\/kategorie-ritualu?post=11555"}],"curies":[{"name":"wp","href":"https:\/\/api.w.org\/{rel}","templated":true}]}}

Vnitřní muž a léčení vztahu s otcem

<p><strong>Vzhledem k velkému zájmu o toto téma otevíráme tento další termín.</strong></p><p><strong>Milé ženy, vzhledem k aktuální situaci byl únorový termín přesunut na stejné, ale březnové datum. Setkáme se tedy 12. &#8211; 14. března. </strong></p><figure class="wp-block-image alignwide size-large"><img fetchpriority="high" decoding="async" width="721" height="1024" src="https://www.tamaramelissa.cz/wp-content/uploads/2021/02/Webp.net-compress-image-8-721x1024.jpg" alt="" class="wp-image-10522" srcset="https://www.tamaramelissa.cz/wp-content/uploads/2021/02/Webp.net-compress-image-8-721x1024.jpg 721w, https://www.tamaramelissa.cz/wp-content/uploads/2021/02/Webp.net-compress-image-8-211x300.jpg 211w, https://www.tamaramelissa.cz/wp-content/uploads/2021/02/Webp.net-compress-image-8-768x1090.jpg 768w, https://www.tamaramelissa.cz/wp-content/uploads/2021/02/Webp.net-compress-image-8-1082x1536.jpg 1082w, https://www.tamaramelissa.cz/wp-content/uploads/2021/02/Webp.net-compress-image-8-600x852.jpg 600w, https://www.tamaramelissa.cz/wp-content/uploads/2021/02/Webp.net-compress-image-8.jpg 1400w" sizes="(max-width: 721px) 100vw, 721px" /></figure><p>Tvůj táta… první muž Tvého života… jaký byl a jaký je? Měla jsi z něj strach a nebo Ti byl k smíchu? A nebo se to střídalo? Co Ti dal do života? Jsi stále tatínkova holčička? Toužíš po jeho ocenění nebo s ním bojuješ? Děláš vše pro to, aby Tě konečně uviděl a nebo jsi to už vzdala?</p><p>Přijala jsi za své jeho hodnoty a nevědomě tak příliš aktivovala své mužské kvality na úkor svých ženských? Stále se Ti opakují ve Tvých vztazích s muži podobné situace? Hledáš to, co jsi od něj nedostala, u jiných mužů? Padáš do závislosti? Jsi přesvědčena o tom, že být mužem je lepší než být ženou? A nebo naopak? To vše nese na svých bedrech Tvůj vnitřní muž… Na tyto a mnoho dalších otázek, jejichž kořen je zapuštěn právě ve vztahu s otcem budeme společně, v bezpečí ženského kruhu hledat odpověď. Povedu Tě do Tvého těla, ve kterém je na buněčné úrovni zapsaná každá vteřina Tvého života a i otisky Tvých předků… budeme vynášet na světlo zranění a programy z hlubin našeho dětství… otevřeme naše srdce a proměníme vše, co je připraveno na změnu… projdeme hlubokým procesem léčení a odpuštění a vynoříme se čisté, osvobozené a oživené, abychom mohly učinit své první taneční kroky na novém parketu jménem &#8216;Můj Život&#8217; (ne Jeho Život)…</p><h3 class="wp-block-heading">Cena rituálu: </h3><p><strong>4 450 Kč +</strong> ubytování a plná vegetariánská penze<strong> 1 400 Kč </strong></p><h3 class="wp-block-heading">Čas a místo:  </h3><p>Rituály začínají vždy v pátek večeří v 18 h a končí v neděli mezi 15 &#8211; 17 h.</p><p>Konají se v Meditačním centru <a href="http://www.ukamenneryby.cz/stone_fish/U_KAMENNE_RYBY.html" target="_blank" rel="noreferrer noopener">U Kamenné ryby</a>, Chrustenice u Berouna (kousek od Prahy)</p><p>Ubytování  v apartmánech po několika lůžkách s koupelnami v patře Centra, případně vedle seminární místnosti nebo ve srubu.</p><p>Vynikající vegetariánská strava z rukou paní domu Karoliny. I ti, kdo dávají přednost masu, se oblizují!</p><p><strong>Přihlaste se <a rel="noreferrer noopener" href="https://forms.gle/Ks3U7TKSaQKN3wi56" target="_blank">online</a>. Dotazy</strong> vám ráda zodpoví asistentka<strong> Zuzka Pelcová,</strong> kterou můžete kontaktovat ve všední dny 9 &#8211; 17.30 h:<strong>e-mail: zuzka@tamaramelissa.cz, tel.: 775 987 967. </strong></p><p>Po registraci Vám do týdne pošleme podklady k platbě. Teprve po Vaší úhradě je místo na víkendu je rezervované.</p>
