{"id":11552,"date":"2021-03-28T20:20:04","date_gmt":"2021-03-28T18:20:04","guid":{"rendered":"https:\/\/www.tamaramelissa.cz\/akce\/ritual-jarni-rovnodennosti-it\/"},"modified":"2021-03-28T20:20:05","modified_gmt":"2021-03-28T18:20:05","slug":"ritual-jarni-rovnodennosti-it","status":"publish","type":"akce","link":"https:\/\/www.tamaramelissa.cz\/it\/evento-calendario\/ritual-jarni-rovnodennosti-it\/","title":{"rendered":"Ritu\u00e1l jarn\u00ed rovnodennosti IT"},"content":{"rendered":"<figure class=\"wp-block-image alignwide size-large\"><img fetchpriority=\"high\" decoding=\"async\" width=\"510\" height=\"340\" src=\"https:\/\/www.tamaramelissa.cz\/wp-content\/uploads\/2021\/02\/jaro-slunce-stromy.jpg\" alt=\"\" class=\"wp-image-10534\" srcset=\"https:\/\/www.tamaramelissa.cz\/wp-content\/uploads\/2021\/02\/jaro-slunce-stromy.jpg 510w, https:\/\/www.tamaramelissa.cz\/wp-content\/uploads\/2021\/02\/jaro-slunce-stromy-300x200.jpg 300w\" sizes=\"(max-width: 510px) 100vw, 510px\" \/><\/figure><p>Poj\u010fme s\u00a0bl\u00ed\u017e\u00edc\u00edm se\u00a0prvn\u00edm jarn\u00edm \u00fapl\u0148kem oslavit \u010das, kdy se p\u0159ich\u00e1zej\u00ed s\u00edly\u00a0jara, kter\u00e9 n\u00e1m p\u0159in\u00e1\u0161ej\u00ed nitern\u00e9 znovuzrozen\u00ed\u2026<\/p><p>Nechme se o\u010distit \u201e\u017eivou\u201c jarn\u00ed vodou\u2026<\/p><p>Matka Zem\u011b se probouz\u00ed a z\u00a0jej\u00edho kl\u00edna vykv\u00e9taj\u00ed sem\u00ednka\u2026i my m\u016f\u017eeme zas\u00edt sem\u00ednka pro ud\u00e1losti,<\/p><p>kter\u00e9 si p\u0159ejeme realizovat v\u00a0nast\u00e1vaj\u00edc\u00edm obdob\u00ed\u2026 a tak\u00e9 nechat rozkv\u00e9st potenci\u00e1l sv\u00e9 vlastn\u00ed<\/p><p>\u017eenskosti, smyslnosti a (i spiritu\u00e1ln\u00ed) plodnosti\u2026<\/p><p>Poj\u010fme spolu ritu\u00e1ln\u011b p\u0159iv\u00edtat jarn\u00ed obdob\u00ed, vykoupat se v\u00a0jeho energii a radovat se z\u00a0obnoven\u00fdch sil\u2026<\/p><p>Vhodn\u00e9 i pro nast\u00e1vaj\u00edc\u00ed maminky a \u017eeny s miminky.<\/p><p><strong>Studio Loona, K\u0159i\u017e\u00edkova 67, Praha 8, kousek od metra B K\u0159i\u017e\u00edkova (<\/strong><strong><a href=\"https:\/\/l.facebook.com\/l.php?u=http%3A%2F%2Fwww.loona.cz%2Fcs%2Fstudio-loona%2F&amp;h=ATPICVNqqZr91u0Z3Av_a4S3Wviqt1ysNSFiNs19wnPsqpA-jwDEIEE6-h55a_Xy5uOc218vynE7keV9HBfUE5QxKWxwd7BHHMjITy8IwmMI3I0av6Ea7uXTms57IGplUQ1X5vmxKlPE&amp;enc=AZMdLE4bD6OHvfu_g9bUwdVve0HfoFs4lsbbJITy-zTkp5hPhdOTcyxOeDHkgJ-5NBE&amp;s=1\">http:\/\/www.loona.cz\/cs\/studio-loona\/<\/a><\/strong><strong>)<\/strong><\/p><h3 class=\"wp-block-heading\">S\u00a0sebou (nen\u00ed nutno, ale v\u00edt\u00e1no):<\/h3><p>Jarn\u00ed kv\u011btiny. Neparf\u00e9movanou sv\u00ed\u010dku v\u00a0barv\u00e1ch jara se sv\u00edc\u00ednkem. Sem\u00ednka jarn\u00edch rostlin, kv\u011btin\u00e1\u010d se zeminou. Symboly \u017eenskosti, smyslnosti a plodnosti. Kr\u00e1sn\u00e9 p\u0159\u00edjemn\u00e9 oble\u010den\u00ed, z\u00e1voje a \u0161\u00e1tky, v\u0161e v\u00a0barv\u00e1ch jara. Pentle v\u00a0barv\u00e1ch jara. Mal\u00fd kousek l\u00e1tky v barv\u011b jara, prov\u00e1zek, n\u016f\u017eky. Den\u00edk, \u010dtvrtky, psac\u00ed pot\u0159eby, pastely nebo jin\u00e9 obl\u00edben\u00e9 pot\u0159eby pro malov\u00e1n\u00ed a kreslen\u00ed. Relaxa\u010dn\u00ed p\u0159ikr\u00fdvku a tepl\u00e9 pono\u017eky, 2 misti\u010dky.\u00a0V\u00edt\u00e1ny jsou t\u00e9\u017e hudebn\u00ed n\u00e1stroje, jarn\u00ed pochutiny a n\u00e1poje.<\/p><h3 class=\"wp-block-heading\">Cena p\u011btihodinov\u00e9ho ritu\u00e1lu: <\/h3><p>650 K\u010d<\/p><h3 class=\"wp-block-heading\">P\u0159ihl\u00e1\u0161ky:\u00a0<\/h3><p><a href=\"mailto:tamara@cestazeny.cz\">tamara@cestazeny.cz<\/a>, 604 835 943<\/p><p>Ve\u010derem prov\u00e1z\u00ed Tamara Melissa, kter\u00e1 21 let vede \u017eensk\u00e9 i sm\u00ed\u0161en\u00e9 skupiny osobn\u00edho rozvoje. Vystudovala FF UK, absolvovala v\u00fdcvik pro prov\u00e1zen\u00ed transforma\u010dn\u00edmi procesy zrozen\u00ed a um\u00edr\u00e1n\u00ed u Jacqueline Maria Longstaff v Indii a \u0160v\u00e9dsku, tantrick\u00fd v\u00fdcvik u Sarity a mnoho dal\u0161\u00edch. Nyn\u00ed proch\u00e1z\u00ed psychoterapeutick\u00fdm v\u00fdcvikem v biodynamick\u00e9 body-psychoterapii u Mony Lisy Boyesen. Miluje tanec a prov\u00e1z\u00ed p\u0159echodov\u00fdmi ritu\u00e1ly\u00a0 Poskytuje t\u00e9\u017e\u00a0online individu\u00e1ln\u00ed poradenstv\u00ed \u201eSedm\u00e9 nebe\u201c.<\/p><p><a href=\"http:\/\/www.tamaramelissa.cz\/\">www.tamaramelissa.cz<\/a><\/p>","protected":false},"parent":0,"template":"","rok-konani-ritualu":[],"kategorie-ritualu":[233],"class_list":["post-11552","akce","type-akce","status-publish","hentry","kategorie-ritualu-serali"],"aioseo_notices":[],"_links":{"self":[{"href":"https:\/\/www.tamaramelissa.cz\/it\/wp-json\/wp\/v2\/akce\/11552","targetHints":{"allow":["GET"]}}],"collection":[{"href":"https:\/\/www.tamaramelissa.cz\/it\/wp-json\/wp\/v2\/akce"}],"about":[{"href":"https:\/\/www.tamaramelissa.cz\/it\/wp-json\/wp\/v2\/types\/akce"}],"wp:attachment":[{"href":"https:\/\/www.tamaramelissa.cz\/it\/wp-json\/wp\/v2\/media?parent=11552"}],"wp:term":[{"taxonomy":"rok-konani-ritualu","embeddable":true,"href":"https:\/\/www.tamaramelissa.cz\/it\/wp-json\/wp\/v2\/rok-konani-ritualu?post=11552"},{"taxonomy":"kategorie-ritualu","embeddable":true,"href":"https:\/\/www.tamaramelissa.cz\/it\/wp-json\/wp\/v2\/kategorie-ritualu?post=11552"}],"curies":[{"name":"wp","href":"https:\/\/api.w.org\/{rel}","templated":true}]}}

Rituál jarní rovnodennosti IT

<figure class="wp-block-image alignwide size-large"><img fetchpriority="high" decoding="async" width="510" height="340" src="https://www.tamaramelissa.cz/wp-content/uploads/2021/02/jaro-slunce-stromy.jpg" alt="" class="wp-image-10534" srcset="https://www.tamaramelissa.cz/wp-content/uploads/2021/02/jaro-slunce-stromy.jpg 510w, https://www.tamaramelissa.cz/wp-content/uploads/2021/02/jaro-slunce-stromy-300x200.jpg 300w" sizes="(max-width: 510px) 100vw, 510px" /></figure><p>Pojďme s blížícím se prvním jarním úplňkem oslavit čas, kdy se přicházejí síly jara, které nám přinášejí niterné znovuzrození…</p><p>Nechme se očistit „živou“ jarní vodou…</p><p>Matka Země se probouzí a z jejího klína vykvétají semínka…i my můžeme zasít semínka pro události,</p><p>které si přejeme realizovat v nastávajícím období… a také nechat rozkvést potenciál své vlastní</p><p>ženskosti, smyslnosti a (i spirituální) plodnosti…</p><p>Pojďme spolu rituálně přivítat jarní období, vykoupat se v jeho energii a radovat se z obnovených sil…</p><p>Vhodné i pro nastávající maminky a ženy s miminky.</p><p><strong>Studio Loona, Křižíkova 67, Praha 8, kousek od metra B Křižíkova (</strong><strong><a href="https://l.facebook.com/l.php?u=http%3A%2F%2Fwww.loona.cz%2Fcs%2Fstudio-loona%2F&amp;h=ATPICVNqqZr91u0Z3Av_a4S3Wviqt1ysNSFiNs19wnPsqpA-jwDEIEE6-h55a_Xy5uOc218vynE7keV9HBfUE5QxKWxwd7BHHMjITy8IwmMI3I0av6Ea7uXTms57IGplUQ1X5vmxKlPE&amp;enc=AZMdLE4bD6OHvfu_g9bUwdVve0HfoFs4lsbbJITy-zTkp5hPhdOTcyxOeDHkgJ-5NBE&amp;s=1">http://www.loona.cz/cs/studio-loona/</a></strong><strong>)</strong></p><h3 class="wp-block-heading">S sebou (není nutno, ale vítáno):</h3><p>Jarní květiny. Neparfémovanou svíčku v barvách jara se svícínkem. Semínka jarních rostlin, květináč se zeminou. Symboly ženskosti, smyslnosti a plodnosti. Krásné příjemné oblečení, závoje a šátky, vše v barvách jara. Pentle v barvách jara. Malý kousek látky v barvě jara, provázek, nůžky. Deník, čtvrtky, psací potřeby, pastely nebo jiné oblíbené potřeby pro malování a kreslení. Relaxační přikrývku a teplé ponožky, 2 mističky. Vítány jsou též hudební nástroje, jarní pochutiny a nápoje.</p><h3 class="wp-block-heading">Cena pětihodinového rituálu: </h3><p>650 Kč</p><h3 class="wp-block-heading">Přihlášky: </h3><p><a href="mailto:tamara@cestazeny.cz">tamara@cestazeny.cz</a>, 604 835 943</p><p>Večerem provází Tamara Melissa, která 21 let vede ženské i smíšené skupiny osobního rozvoje. Vystudovala FF UK, absolvovala výcvik pro provázení transformačními procesy zrození a umírání u Jacqueline Maria Longstaff v Indii a Švédsku, tantrický výcvik u Sarity a mnoho dalších. Nyní prochází psychoterapeutickým výcvikem v biodynamické body-psychoterapii u Mony Lisy Boyesen. Miluje tanec a provází přechodovými rituály  Poskytuje též online individuální poradenství „Sedmé nebe“.</p><p><a href="http://www.tamaramelissa.cz/">www.tamaramelissa.cz</a></p>
